{"id":2272,"date":"2022-01-06T15:00:44","date_gmt":"2022-01-06T14:00:44","guid":{"rendered":"https:\/\/info.anneberg.com.pl\/?page_id=2272"},"modified":"2022-01-17T09:58:05","modified_gmt":"2022-01-17T08:58:05","slug":"pakiet-mobilny","status":"publish","type":"page","link":"https:\/\/info.anneberg.com.pl\/index.php\/pakiet-mobilny\/","title":{"rendered":"Pakiet mobilny"},"content":{"rendered":"\t\t<div data-elementor-type=\"wp-page\" data-elementor-id=\"2272\" class=\"elementor elementor-2272\" data-elementor-settings=\"[]\">\n\t\t\t\t\t\t<div class=\"elementor-inner\">\n\t\t\t\t\t\t\t<div class=\"elementor-section-wrap\">\n\t\t\t\t\t\t\t<section class=\"elementor-section elementor-top-section elementor-element elementor-element-8a7d479 elementor-section-boxed elementor-section-height-default elementor-section-height-default\" data-id=\"8a7d479\" data-element_type=\"section\">\n\t\t\t\t\t\t<div class=\"elementor-container elementor-column-gap-default\">\n\t\t\t\t\t\t\t<div class=\"elementor-row\">\n\t\t\t\t\t<div class=\"elementor-column elementor-col-100 elementor-top-column elementor-element elementor-element-f9e7bec\" data-id=\"f9e7bec\" data-element_type=\"column\">\n\t\t\t<div class=\"elementor-column-wrap elementor-element-populated\">\n\t\t\t\t\t\t\t<div class=\"elementor-widget-wrap\">\n\t\t\t\t\t\t<div class=\"elementor-element elementor-element-63a8602 elementor-widget elementor-widget-text-editor\" data-id=\"63a8602\" data-element_type=\"widget\" data-widget_type=\"text-editor.default\">\n\t\t\t\t<div class=\"elementor-widget-container\">\n\t\t\t\t\t\t\t\t<div class=\"elementor-text-editor elementor-clearfix\">\n\t\t\t\t<p style=\"text-align: center;\"><span style=\"color: #ff0000;\"><strong>OBOWI\u0104ZUJE OD 02- 02- 2022 ROKU.<\/strong><\/span><\/p><p><span style=\"color: #000000;\"><strong>NOWE WPISY W TACHOGRAFIE CYFROWYM PRZY PRZEKRACZNIU GRANIC PA\u0143STW UE.<\/strong><\/span><\/p><p><span style=\"color: #000000;\"><strong>Obowi\u0105zek wprowadzania symbolu kraju rozpocz\u0119cia i zako\u0144czenia dziennego okresu pracy, a tak\u017ce symbolu kraju po przekroczeniu granicy pa\u0144stwa.<\/strong><\/span><\/p><p><span style=\"color: #000000;\"><strong>Przepisy \u00a0wymagaj\u0105, aby kierowca wprowadzi\u0142 symbol pa\u0144stwa do kt\u00f3rego wje\u017cd\u017ca podczas postoju na granicy lub \u2013 gdy nie jest to mo\u017cliwe\u00a0 &#8211; na najbli\u017cszym mo\u017cliwym miejscu, gdzie mo\u017ce zatrzyma\u0107 si\u0119 na post\u00f3j.<\/strong><\/span><\/p><p><span style=\"color: #000000;\"><strong>Je\u017celi natomiast przekroczenie granicy odbywa si\u0119 promem lub poci\u0105giem, to kierowca wprowadza symbol dopiero w porcie lub na stacji w kraju, do kt\u00f3rego przyjecha\u0142.<\/strong><\/span><\/p><p><span style=\"color: #000000;\">Np. Wyjazd do Niderland\u00f3w &#8211; NL<\/span><\/p><p><span style=\"color: #000000;\">Po zalogowaniu Karty Kierowcy w tachografie wpisujemy <strong>Kraj Rozpocz\u0119cia \u2013 PL <\/strong>rozpoczynaj\u0105c Dzienny Czas pracy.<\/span><\/p><p><span style=\"color: #000000;\">Przekraczaj\u0105c granic\u0119 z Niemcami (D) dokonujemy ponownie wpisu w tachografie ( AUTO MUSI STA\u0106) naciskaj\u0105c OK wybieramy w menu: <strong>WPISZ KIEROWCA 1 + OK<\/strong>\u00a0 i ponownie wybieramy: \u00a0<strong>KRAJ ROZPOCZ\u0118CIA \u2013 D.<\/strong><\/span><\/p><p><span style=\"color: #000000;\">NIE ROBIMY WPISU: KRAJ ZAKO\u0143CZENIA PL\u00a0<\/span><\/p><p><span style=\"color: #000000;\">Na zako\u0144czenie\u00a0 dnia pracy\u00a0 (koniec czasu pracy w okresie 24 h) robimy wpis w tachografie : <strong>Kraj Zako\u0144czenia D<\/strong> i rozpoczynamy odpoczynek dobowy (9\/11 h).<\/span><\/p><p><span style=\"color: #000000;\">Nast\u0119pny okres rozpoczynamy wpisem: <strong>KRAJ ROZPOCZ\u0118CIA \u2013 D<\/strong> przy wje\u017adzie do NL ponownie dokonujemy wpisu: <strong>KRAJ ROZPOCZ\u0118CIA \u2013 NL<\/strong> ( NIE ROBIMY KRAJU ZAKO\u0143CZENIA \u2013 D).<br \/><\/span><span style=\"color: #000000;\">Tak post\u0119pujemy za ka\u017cdym razem wje\u017cd\u017caj\u0105c do <strong>KA\u017bDEGO PA\u0143STWA<\/strong> <strong>UE.<\/strong><\/span><a href=\"https:\/\/info.anneberg.com.pl\/pakiet\/\" rel=\"attachment wp-att-2285\"><img loading=\"lazy\" decoding=\"async\" class=\"size-medium wp-image-2285 aligncenter\" src=\"https:\/\/info.anneberg.com.pl\/wp-content\/uploads\/2022\/01\/pakiet-300x224.jpg\" alt=\"\" width=\"300\" height=\"224\" srcset=\"https:\/\/info.anneberg.com.pl\/wp-content\/uploads\/2022\/01\/pakiet-300x224.jpg 300w, https:\/\/info.anneberg.com.pl\/wp-content\/uploads\/2022\/01\/pakiet-1024x766.jpg 1024w, https:\/\/info.anneberg.com.pl\/wp-content\/uploads\/2022\/01\/pakiet-768x575.jpg 768w, https:\/\/info.anneberg.com.pl\/wp-content\/uploads\/2022\/01\/pakiet.jpg 1470w\" sizes=\"auto, (max-width: 300px) 100vw, 300px\" \/><\/a><\/p>\t\t\t\t\t<\/div>\n\t\t\t\t\t\t<\/div>\n\t\t\t\t<\/div>\n\t\t\t\t\t\t<\/div>\n\t\t\t\t\t<\/div>\n\t\t<\/div>\n\t\t\t\t\t\t\t\t<\/div>\n\t\t\t\t\t<\/div>\n\t\t<\/section>\n\t\t\t\t<section class=\"elementor-section elementor-top-section elementor-element elementor-element-06a7065 elementor-section-boxed elementor-section-height-default elementor-section-height-default\" data-id=\"06a7065\" data-element_type=\"section\">\n\t\t\t\t\t\t<div class=\"elementor-container elementor-column-gap-default\">\n\t\t\t\t\t\t\t<div class=\"elementor-row\">\n\t\t\t\t\t<div class=\"elementor-column elementor-col-100 elementor-top-column elementor-element elementor-element-cfaae99\" data-id=\"cfaae99\" data-element_type=\"column\">\n\t\t\t<div class=\"elementor-column-wrap elementor-element-populated\">\n\t\t\t\t\t\t\t<div class=\"elementor-widget-wrap\">\n\t\t\t\t\t\t<div class=\"elementor-element elementor-element-926390b elementor-aspect-ratio-169 elementor-widget elementor-widget-video\" data-id=\"926390b\" data-element_type=\"widget\" data-settings=\"{&quot;video_type&quot;:&quot;hosted&quot;,&quot;controls&quot;:&quot;yes&quot;,&quot;aspect_ratio&quot;:&quot;169&quot;}\" data-widget_type=\"video.default\">\n\t\t\t\t<div class=\"elementor-widget-container\">\n\t\t\t\t\t<div class=\"e-hosted-video elementor-wrapper elementor-fit-aspect-ratio elementor-open-inline\">\n\t\t\t\t\t<video class=\"elementor-video\" src=\"https:\/\/info.anneberg.com.pl\/wp-content\/uploads\/2022\/01\/pakiet.mp4\" controls=\"\" controlsList=\"nodownload\"><\/video>\n\t\t\t\t<\/div>\n\t\t\t\t<\/div>\n\t\t\t\t<\/div>\n\t\t\t\t\t\t<\/div>\n\t\t\t\t\t<\/div>\n\t\t<\/div>\n\t\t\t\t\t\t\t\t<\/div>\n\t\t\t\t\t<\/div>\n\t\t<\/section>\n\t\t\t\t\t\t<\/div>\n\t\t\t\t\t\t<\/div>\n\t\t\t\t\t<\/div>\n\t\t","protected":false},"excerpt":{"rendered":"<p>OBOWI\u0104ZUJE OD 02- 02- 2022 ROKU. NOWE WPISY W TACHOGRAFIE CYFROWYM PRZY PRZEKRACZNIU GRANIC PA\u0143STW UE. Obowi\u0105zek wprowadzania symbolu kraju rozpocz\u0119cia i zako\u0144czenia dziennego okresu pracy, a tak\u017ce symbolu kraju po przekroczeniu granicy pa\u0144stwa. Przepisy \u00a0wymagaj\u0105, aby kierowca wprowadzi\u0142 symbol pa\u0144stwa do kt\u00f3rego wje\u017cd\u017ca podczas postoju na granicy lub \u2013 gdy nie jest to mo\u017cliwe\u00a0 [&hellip;]<\/p>\n","protected":false},"author":1,"featured_media":0,"parent":0,"menu_order":0,"comment_status":"closed","ping_status":"closed","template":"","meta":{"_mc_calendar":[],"footnotes":""},"class_list":["post-2272","page","type-page","status-publish","hentry"],"_links":{"self":[{"href":"https:\/\/info.anneberg.com.pl\/index.php\/wp-json\/wp\/v2\/pages\/2272","targetHints":{"allow":["GET"]}}],"collection":[{"href":"https:\/\/info.anneberg.com.pl\/index.php\/wp-json\/wp\/v2\/pages"}],"about":[{"href":"https:\/\/info.anneberg.com.pl\/index.php\/wp-json\/wp\/v2\/types\/page"}],"author":[{"embeddable":true,"href":"https:\/\/info.anneberg.com.pl\/index.php\/wp-json\/wp\/v2\/users\/1"}],"replies":[{"embeddable":true,"href":"https:\/\/info.anneberg.com.pl\/index.php\/wp-json\/wp\/v2\/comments?post=2272"}],"version-history":[{"count":13,"href":"https:\/\/info.anneberg.com.pl\/index.php\/wp-json\/wp\/v2\/pages\/2272\/revisions"}],"predecessor-version":[{"id":2377,"href":"https:\/\/info.anneberg.com.pl\/index.php\/wp-json\/wp\/v2\/pages\/2272\/revisions\/2377"}],"wp:attachment":[{"href":"https:\/\/info.anneberg.com.pl\/index.php\/wp-json\/wp\/v2\/media?parent=2272"}],"curies":[{"name":"wp","href":"https:\/\/api.w.org\/{rel}","templated":true}]}}