{"id":783,"date":"2019-11-29T13:18:48","date_gmt":"2019-11-29T12:18:48","guid":{"rendered":"http:\/\/info.anneberg.com.pl\/?page_id=783"},"modified":"2019-11-29T14:58:33","modified_gmt":"2019-11-29T13:58:33","slug":"czas-jazdy","status":"publish","type":"page","link":"https:\/\/info.anneberg.com.pl\/index.php\/czas-jazdy\/","title":{"rendered":"Czas jazdy"},"content":{"rendered":"\t\t<div data-elementor-type=\"wp-page\" data-elementor-id=\"783\" class=\"elementor elementor-783\" data-elementor-settings=\"[]\">\n\t\t\t\t\t\t<div class=\"elementor-inner\">\n\t\t\t\t\t\t\t<div class=\"elementor-section-wrap\">\n\t\t\t\t\t\t\t<section class=\"elementor-section elementor-top-section elementor-element elementor-element-a2252f3 elementor-section-boxed elementor-section-height-default elementor-section-height-default\" data-id=\"a2252f3\" data-element_type=\"section\">\n\t\t\t\t\t\t<div class=\"elementor-container elementor-column-gap-default\">\n\t\t\t\t\t\t\t<div class=\"elementor-row\">\n\t\t\t\t\t<div class=\"elementor-column elementor-col-100 elementor-top-column elementor-element elementor-element-0737a50\" data-id=\"0737a50\" data-element_type=\"column\">\n\t\t\t<div class=\"elementor-column-wrap elementor-element-populated\">\n\t\t\t\t\t\t\t<div class=\"elementor-widget-wrap\">\n\t\t\t\t\t\t<div class=\"elementor-element elementor-element-5bd333f elementor-widget elementor-widget-text-editor\" data-id=\"5bd333f\" data-element_type=\"widget\" data-widget_type=\"text-editor.default\">\n\t\t\t\t<div class=\"elementor-widget-container\">\n\t\t\t\t\t\t\t\t<div class=\"elementor-text-editor elementor-clearfix\">\n\t\t\t\t<p><span style=\"color: #000000;\"><strong>Czas jazdy ci\u0105g\u0142ej i dzienny czas prowadzenia pojazdu<\/strong><\/span><\/p><p><span style=\"color: #000000;\">Stosowanie si\u0119 kierowc\u00f3w do norm\u00a0czasu pracy kierowcy\u00a0oraz robienie przerw w czasie jazdy, ma na celu zapewnienie bezpiecze\u0144stwa wszystkim uczestnikom ruchu drogowego. Kierowca, kt\u00f3ry stosuje si\u0119 do przepis\u00f3w jest w pe\u0142ni si\u0142 psychofizycznych. Dlatego, to czy kierowca prowadzi pojazd zgodnie z przepisami, tak cz\u0119sto jest sprawdzane przez s\u0142u\u017cby kontrolne. I cho\u0107 zagadnienia czasu jazdy ci\u0105g\u0142ej i dziennego czasu prowadzenia pojazdu w teorii wydaj\u0105 si\u0119 proste, to w praktyce takie ju\u017c nie s\u0105. Niestety bardzo \u0142atwo mo\u017cna si\u0119 pomyli\u0107 (nie b\u0119d\u0105c \u015bwiadomym), a kary za te pomy\u0142ki s\u0105 bardzo wysokie.<\/span><\/p><p><a href=\"https:\/\/www.install.pl\/pl\/page\/pobierz.html\">Zgodnie z Artyku\u0142em 7 Rozporz\u0105dzenia (WE) Parlamentu Europejskiego i Rady nr 561\/2006<\/a><\/p><p><strong><span style=\"color: #000000;\">&#8222;Po okresie prowadzenia pojazdu trwaj\u0105cym cztery i\u00a0p\u00f3\u0142 godziny kierowcy przys\u0142uguje ci\u0105g\u0142a przerwa trwaj\u0105ca co najmniej czterdzie\u015bci pi\u0119\u0107 minut, chyba \u017ce kierowca rozpoczyna okres odpoczynku.&#8221;<\/span><\/strong><\/p><p><em><span style=\"color: #008000;\">Przyk\u0142ad 1: prawid\u0142owy<\/span><\/em><\/p><p><a href=\"http:\/\/info.anneberg.com.pl\/cz_jazdy1\/\" rel=\"attachment wp-att-797\"><img loading=\"lazy\" decoding=\"async\" class=\"wp-image-797 aligncenter\" src=\"http:\/\/info.anneberg.com.pl\/wp-content\/uploads\/2019\/11\/cz_jazdy1-300x58.jpg\" alt=\"\" width=\"357\" height=\"69\" srcset=\"https:\/\/info.anneberg.com.pl\/wp-content\/uploads\/2019\/11\/cz_jazdy1-300x58.jpg 300w, https:\/\/info.anneberg.com.pl\/wp-content\/uploads\/2019\/11\/cz_jazdy1-768x149.jpg 768w, https:\/\/info.anneberg.com.pl\/wp-content\/uploads\/2019\/11\/cz_jazdy1-1024x198.jpg 1024w, https:\/\/info.anneberg.com.pl\/wp-content\/uploads\/2019\/11\/cz_jazdy1.jpg 1090w\" sizes=\"auto, (max-width: 357px) 100vw, 357px\" \/><\/a><\/p><p>\u00a0<\/p><p><span style=\"color: #000000;\">&#8222;Przerw\u0119 t\u0119 mo\u017ce zast\u0105pi\u0107 przerwa d\u0142ugo\u015bci co najmniej 15 minut, po kt\u00f3rej nast\u0105pi przerwa d\u0142ugo\u015bci co najmniej 30 minut, roz\u0142o\u017cone w\u00a0czasie w\u00a0taki spos\u00f3b, aby zachowa\u0107 zgodno\u015b\u0107 z\u00a0przepisami akapitu pierwszego.&#8221;<\/span><\/p><p><em><span style=\"color: #008000;\">Przyk\u0142ad 2: prawid\u0142owy<\/span><\/em><\/p><p><a href=\"http:\/\/info.anneberg.com.pl\/cz_jazdy_2\/\" rel=\"attachment wp-att-798\"><img loading=\"lazy\" decoding=\"async\" class=\"size-medium wp-image-798 aligncenter\" src=\"http:\/\/info.anneberg.com.pl\/wp-content\/uploads\/2019\/11\/cz_jazdy_2-300x59.jpg\" alt=\"\" width=\"300\" height=\"59\" srcset=\"https:\/\/info.anneberg.com.pl\/wp-content\/uploads\/2019\/11\/cz_jazdy_2-300x59.jpg 300w, https:\/\/info.anneberg.com.pl\/wp-content\/uploads\/2019\/11\/cz_jazdy_2-768x151.jpg 768w, https:\/\/info.anneberg.com.pl\/wp-content\/uploads\/2019\/11\/cz_jazdy_2-1024x202.jpg 1024w\" sizes=\"auto, (max-width: 300px) 100vw, 300px\" \/><\/a><\/p><p><em><span style=\"color: #008000;\">Przyk\u0142ad 3: prawid\u0142owy<\/span><\/em><\/p><p><a href=\"http:\/\/info.anneberg.com.pl\/cz_jazdy3\/\" rel=\"attachment wp-att-799\"><img loading=\"lazy\" decoding=\"async\" class=\"size-medium wp-image-799 aligncenter\" src=\"http:\/\/info.anneberg.com.pl\/wp-content\/uploads\/2019\/11\/cz_jazdy3-300x56.jpg\" alt=\"\" width=\"300\" height=\"56\" srcset=\"https:\/\/info.anneberg.com.pl\/wp-content\/uploads\/2019\/11\/cz_jazdy3-300x56.jpg 300w, https:\/\/info.anneberg.com.pl\/wp-content\/uploads\/2019\/11\/cz_jazdy3-768x142.jpg 768w, https:\/\/info.anneberg.com.pl\/wp-content\/uploads\/2019\/11\/cz_jazdy3-1024x190.jpg 1024w\" sizes=\"auto, (max-width: 300px) 100vw, 300px\" \/><\/a><\/p><p><em><span style=\"color: #ff0000;\">Przyk\u0142ad 4 &#8211; je\u015bli kierowca zamiast 1 minut\u0119 jazdy zrobi 1 minut\u0119 innej pracy, po czym odbierze przerw\u0119 15 minutow\u0105, wykona jazd\u0119 (4:29) i odbierze przerw\u0119 30 minutow\u0105 pope\u0142ni naruszenie.\u00a0<\/span><\/em><\/p><p><a href=\"http:\/\/info.anneberg.com.pl\/cz_jazdy4\/\" rel=\"attachment wp-att-800\"><img loading=\"lazy\" decoding=\"async\" class=\"size-medium wp-image-800 aligncenter\" src=\"http:\/\/info.anneberg.com.pl\/wp-content\/uploads\/2019\/11\/cz_jazdy4-300x58.jpg\" alt=\"\" width=\"300\" height=\"58\" srcset=\"https:\/\/info.anneberg.com.pl\/wp-content\/uploads\/2019\/11\/cz_jazdy4-300x58.jpg 300w, https:\/\/info.anneberg.com.pl\/wp-content\/uploads\/2019\/11\/cz_jazdy4-768x148.jpg 768w, https:\/\/info.anneberg.com.pl\/wp-content\/uploads\/2019\/11\/cz_jazdy4-1024x197.jpg 1024w\" sizes=\"auto, (max-width: 300px) 100vw, 300px\" \/><\/a><\/p><p><span style=\"color: #000000;\">Interpretacja przepis\u00f3w<\/span><\/p><p><span style=\"color: #000000;\">W celu ujednolicenia interpretacji przepis\u00f3w, UE daje nam r\u00f3\u017cnego rodzaju zalecenia, wyja\u015bnienie i decyzje:<\/span><\/p><ul><li><a href=\"https:\/\/www.install.pl\/pl\/page\/pobierz.html\">Zalecenia Komisji Europejskiej z Wytycznymi od 1 do 8<\/a><\/li><li><a href=\"https:\/\/ec.europa.eu\/transport\/sites\/transport\/files\/modes\/road\/social_provisions\/doc\/trace_explanatory_text_pl.pdf\">Wyja\u015bnienie rozporz\u0105dzenia (WE) nr 561\/2006 u\u0142atwiaj\u0105ce zharmonizowane egzekwowanie przepis\u00f3w podczas kontroli drogowych<\/a><\/li><\/ul><p><strong>Na co\u00a0dodatkowo warto zwr\u00f3ci\u0107 uwag\u0119\u00a0<\/strong><\/p><p><a href=\"http:\/\/ec.europa.eu\/transport\/modes\/road\/social_provisions\/doc\/guidance_1_pl.pdf\">Wytyczna nr 1 Komisji Europejskiej<\/a><\/p><p><span style=\"color: #000000;\">&#8222;Kierowca musi bezwzgl\u0119dnie przestrzega\u0107 przepis\u00f3w i nie przekracza\u0107 dopuszczalnego czasu prowadzenia pojazdu, za wyj\u0105tkiem wyst\u0105pienia nieprzewidzianych i wyj\u0105tkowych okoliczno\u015bci, gdy nie jest w stanie przestrzega\u0107 rozporz\u0105dzenia bez powodowania zagro\u017cenia dla bezpiecze\u0144stwa drogowego, bezpiecze\u0144stwa os\u00f3b, pojazdu i \u0142adunku. Je\u015bli kierowca zdecyduje, \u017ce konieczne jest odst\u0119pstwo od rozporz\u0105dzenia i \u017ce nie b\u0119dzie ono zagra\u017ca\u0142o bezpiecze\u0144stwu drogowemu, musi on\/ona wskaza\u0107 odr\u0119cznie charakter odst\u0119pstwa i jego przyczyny (w jakimkolwiek j\u0119zyku wsp\u00f3lnotowym, na wykres\u00f3wce urz\u0105dzenia rejestruj\u0105cego lub na wydruku z urz\u0105dzenia rejestruj\u0105cego albo w planie pracy), natychmiast po zatrzymaniu si\u0119.&#8221;<\/span><\/p><p><a href=\"http:\/\/ec.europa.eu\/transport\/modes\/road\/social_provisions\/doc\/guidance_2_pl.pdf\">Wytyczna nr 2 Komisji Europejskiej<\/a><\/p><p><span style=\"color: #000000;\">&#8222;Trzeci przypadek to pojazd obs\u0142ugiwany przez wi\u0119cej ni\u017c jednego kierowc\u0119. W sytuacji, gdy drugi kierowca pozostaj\u0105cy do dyspozycji, je\u015bli chodzi o prowadzenie pojazdu, siedzi obok kierowcy i nie pomaga mu w spos\u00f3b aktywy w prowadzeniu pojazdu, 45 minutowy \u201eokres gotowo\u015bci\u201d drugiego kierowcy mo\u017ce by\u0107 uznany za \u201eprzerw\u0119\u201d.&#8221;\u00a0<\/span><\/p><p><a href=\"http:\/\/ec.europa.eu\/transport\/modes\/road\/social_provisions\/doc\/guidance_4_pl.pdf\">Wytyczna nr 4 Komisji Europejskiej<\/a><\/p><p><span style=\"color: #000000;\">&#8222;Poniewa\u017c cyfrowe tachografy dok\u0142adniej rejestruj\u0105 czas pracy ni\u017c tachografy analogowe, kierowcy wykonuj\u0105cy kursy z cz\u0119stymi przystankami lub kursy z kilkoma miejscami roz\u0142adunku mog\u0105 mie\u0107 wi\u0119cej zapis\u00f3w o prowadzeniu pojazdu u\u017cywaj\u0105c cyfrowego tachografu, ni\u017c gdyby u\u017cywali tachografu analogowego. Sytuacja ta ma charakter tymczasowy i mo\u017ce dotyczy\u0107 g\u0142\u00f3wnie lokalnych dostaw realizowanych transportem drogowym. B\u0119dzie tak tylko w okresie przej\u015bciowym, gdy w u\u017cyciu b\u0119d\u0105 zar\u00f3wno tachografy cyfrowe jak i analogowe.&#8221;<\/span><\/p><p><a href=\"https:\/\/inelo.pl\/wp-content\/uploads\/2015\/01\/wytyczne-gitd-2011-nr-1-28.07.2011.pdf\">Wytyczne GITD 2011 nr 1\u00a0z dnia 28 lipca 2011<\/a><\/p><p><em><strong><span style=\"color: #000000;\">&#8222;Ka\u017cde wykorzystanie przerwy trwaj\u0105cej co najmniej 45 minut rozpoczyna kolejny okres rozliczeniowy, a wi\u0119c na kolejne cztery i p\u00f3\u0142 godziny jazdy musi przypada\u0107 kolejna przerwa odebrana zgodnie z ww. przepisem.&#8221;<\/span><\/strong><\/em><\/p><p><span style=\"color: #000000;\">Inne przyk\u0142ady b\u0142\u0119dnej interpretacji przepis\u00f3w<\/span><\/p><p><em><span style=\"color: #ff0000;\">Przyk\u0142ad 5 &#8211; przekroczenie maksymalnego czasu prowadzenia pojazdu bez przerwy o 04:30h i jest to BPN<\/span><\/em><\/p><p><a href=\"http:\/\/info.anneberg.com.pl\/cz_jazdy5\/\" rel=\"attachment wp-att-803\"><img loading=\"lazy\" decoding=\"async\" class=\"size-medium wp-image-803 aligncenter\" src=\"http:\/\/info.anneberg.com.pl\/wp-content\/uploads\/2019\/11\/cz_jazdy5-300x68.jpg\" alt=\"\" width=\"300\" height=\"68\" srcset=\"https:\/\/info.anneberg.com.pl\/wp-content\/uploads\/2019\/11\/cz_jazdy5-300x68.jpg 300w, https:\/\/info.anneberg.com.pl\/wp-content\/uploads\/2019\/11\/cz_jazdy5-768x174.jpg 768w, https:\/\/info.anneberg.com.pl\/wp-content\/uploads\/2019\/11\/cz_jazdy5-1024x233.jpg 1024w\" sizes=\"auto, (max-width: 300px) 100vw, 300px\" \/><\/a><\/p><p><em><span style=\"color: #ff0000;\">Przyk\u0142ad 6 &#8211; przekroczenie maksymalnego czasu prowadzenia pojazdu bez przerwy o 02:30h<\/span><\/em><\/p><p><a href=\"http:\/\/info.anneberg.com.pl\/cz_jazdy6\/\" rel=\"attachment wp-att-805\"><img loading=\"lazy\" decoding=\"async\" class=\"size-medium wp-image-805 aligncenter\" src=\"http:\/\/info.anneberg.com.pl\/wp-content\/uploads\/2019\/11\/cz_jazdy6-300x64.jpg\" alt=\"\" width=\"300\" height=\"64\" srcset=\"https:\/\/info.anneberg.com.pl\/wp-content\/uploads\/2019\/11\/cz_jazdy6-300x64.jpg 300w, https:\/\/info.anneberg.com.pl\/wp-content\/uploads\/2019\/11\/cz_jazdy6-768x165.jpg 768w, https:\/\/info.anneberg.com.pl\/wp-content\/uploads\/2019\/11\/cz_jazdy6-1024x220.jpg 1024w\" sizes=\"auto, (max-width: 300px) 100vw, 300px\" \/><\/a><\/p><p><span style=\"color: #000000;\">Prawid\u0142owe\u00a0przyk\u0142ady interpretacji przepis\u00f3w<\/span><\/p><p><em><span style=\"color: #008000;\">Przyk\u0142ad 7: prawid\u0142owy<\/span><\/em><\/p><p><a href=\"http:\/\/info.anneberg.com.pl\/cz_jazdy7\/\" rel=\"attachment wp-att-807\"><img loading=\"lazy\" decoding=\"async\" class=\"size-medium wp-image-807 aligncenter\" src=\"http:\/\/info.anneberg.com.pl\/wp-content\/uploads\/2019\/11\/cz_jazdy7-300x69.jpg\" alt=\"\" width=\"300\" height=\"69\" srcset=\"https:\/\/info.anneberg.com.pl\/wp-content\/uploads\/2019\/11\/cz_jazdy7-300x69.jpg 300w, https:\/\/info.anneberg.com.pl\/wp-content\/uploads\/2019\/11\/cz_jazdy7-768x178.jpg 768w, https:\/\/info.anneberg.com.pl\/wp-content\/uploads\/2019\/11\/cz_jazdy7-1024x237.jpg 1024w\" sizes=\"auto, (max-width: 300px) 100vw, 300px\" \/><\/a><\/p><p><a href=\"https:\/\/www.install.pl\/pl\/page\/pobierz.html\">Zgodnie z Artyku\u0142em 6 Rozporz\u0105dzenia (WE) Parlamentu Europejskiego i Rady nr 561\/2006<\/a><\/p><p><span style=\"color: #000000;\">&#8222;Dzienny czas prowadzenia pojazdu nie mo\u017ce przekroczy\u0107 9 godzin.&#8221;<\/span><\/p><p><span style=\"color: #000000;\">Art. 4 k) \u201edzienny czas prowadzenia pojazdu\u201d oznacza \u0142\u0105czny czas prowadzenia pojazdu od zako\u0144czenia jednego dziennego okresu odpoczynku do rozpocz\u0119cia nast\u0119pnego dziennego okresu odpoczynku lub pomi\u0119dzy dziennym okresem odpoczynku a tygodniowym okresem odpoczynku;Jednak\u017ce dzienny czas prowadzenia pojazdu mo\u017ce zosta\u0107 przed\u0142u\u017cony do nie wi\u0119cej ni\u017c 10 godzin nie cz\u0119\u015bciej ni\u017c dwa razy w\u00a0tygodniu.<\/span><\/p><p><em><span style=\"color: #008000;\">Przyk\u0142ad 8: prawid\u0142owy<\/span><\/em><\/p><p><a href=\"http:\/\/info.anneberg.com.pl\/cz_jazdy8\/\" rel=\"attachment wp-att-809\"><img loading=\"lazy\" decoding=\"async\" class=\"size-medium wp-image-809 aligncenter\" src=\"http:\/\/info.anneberg.com.pl\/wp-content\/uploads\/2019\/11\/cz_jazdy8-300x69.jpg\" alt=\"\" width=\"300\" height=\"69\" srcset=\"https:\/\/info.anneberg.com.pl\/wp-content\/uploads\/2019\/11\/cz_jazdy8-300x69.jpg 300w, https:\/\/info.anneberg.com.pl\/wp-content\/uploads\/2019\/11\/cz_jazdy8-768x177.jpg 768w, https:\/\/info.anneberg.com.pl\/wp-content\/uploads\/2019\/11\/cz_jazdy8-1024x236.jpg 1024w\" sizes=\"auto, (max-width: 300px) 100vw, 300px\" \/><\/a><\/p><p><span style=\"color: #000000;\">&#8222;Jednak\u017ce dzienny czas prowadzenia pojazdu mo\u017ce zosta\u0107 przed\u0142u\u017cony do nie wi\u0119cej ni\u017c\u00a0<strong>10 godzin nie cz\u0119\u015bciej ni\u017c dwa razy w tygodniu.&#8221;<\/strong><\/span><\/p><p><span style=\"color: #000000;\">Art. 4 i) \u201etydzie\u0144\u201d oznacza okres od godz. 00.00 w poniedzia\u0142ek do godz. 24.00 w niedziel\u0119;<\/span><\/p><p><em><span style=\"color: #008000;\">Przyk\u0142ad 9: prawid\u0142owy<\/span><\/em><\/p><p><a href=\"http:\/\/info.anneberg.com.pl\/cz_jazdy9\/\" rel=\"attachment wp-att-812\"><img loading=\"lazy\" decoding=\"async\" class=\"size-medium wp-image-812 aligncenter\" src=\"http:\/\/info.anneberg.com.pl\/wp-content\/uploads\/2019\/11\/cz_jazdy9-300x67.jpg\" alt=\"\" width=\"300\" height=\"67\" srcset=\"https:\/\/info.anneberg.com.pl\/wp-content\/uploads\/2019\/11\/cz_jazdy9-300x67.jpg 300w, https:\/\/info.anneberg.com.pl\/wp-content\/uploads\/2019\/11\/cz_jazdy9-768x171.jpg 768w, https:\/\/info.anneberg.com.pl\/wp-content\/uploads\/2019\/11\/cz_jazdy9-1024x228.jpg 1024w\" sizes=\"auto, (max-width: 300px) 100vw, 300px\" \/><\/a><\/p>\t\t\t\t\t<\/div>\n\t\t\t\t\t\t<\/div>\n\t\t\t\t<\/div>\n\t\t\t\t\t\t<\/div>\n\t\t\t\t\t<\/div>\n\t\t<\/div>\n\t\t\t\t\t\t\t\t<\/div>\n\t\t\t\t\t<\/div>\n\t\t<\/section>\n\t\t\t\t\t\t<\/div>\n\t\t\t\t\t\t<\/div>\n\t\t\t\t\t<\/div>\n\t\t","protected":false},"excerpt":{"rendered":"<p>Czas jazdy ci\u0105g\u0142ej i dzienny czas prowadzenia pojazdu Stosowanie si\u0119 kierowc\u00f3w do norm\u00a0czasu pracy kierowcy\u00a0oraz robienie przerw w czasie jazdy, ma na celu zapewnienie bezpiecze\u0144stwa wszystkim uczestnikom ruchu drogowego. Kierowca, kt\u00f3ry stosuje si\u0119 do przepis\u00f3w jest w pe\u0142ni si\u0142 psychofizycznych. Dlatego, to czy kierowca prowadzi pojazd zgodnie z przepisami, tak cz\u0119sto jest sprawdzane przez s\u0142u\u017cby [&hellip;]<\/p>\n","protected":false},"author":1,"featured_media":0,"parent":0,"menu_order":0,"comment_status":"closed","ping_status":"closed","template":"","meta":{"_mc_calendar":[],"footnotes":""},"class_list":["post-783","page","type-page","status-publish","hentry"],"_links":{"self":[{"href":"https:\/\/info.anneberg.com.pl\/index.php\/wp-json\/wp\/v2\/pages\/783","targetHints":{"allow":["GET"]}}],"collection":[{"href":"https:\/\/info.anneberg.com.pl\/index.php\/wp-json\/wp\/v2\/pages"}],"about":[{"href":"https:\/\/info.anneberg.com.pl\/index.php\/wp-json\/wp\/v2\/types\/page"}],"author":[{"embeddable":true,"href":"https:\/\/info.anneberg.com.pl\/index.php\/wp-json\/wp\/v2\/users\/1"}],"replies":[{"embeddable":true,"href":"https:\/\/info.anneberg.com.pl\/index.php\/wp-json\/wp\/v2\/comments?post=783"}],"version-history":[{"count":14,"href":"https:\/\/info.anneberg.com.pl\/index.php\/wp-json\/wp\/v2\/pages\/783\/revisions"}],"predecessor-version":[{"id":814,"href":"https:\/\/info.anneberg.com.pl\/index.php\/wp-json\/wp\/v2\/pages\/783\/revisions\/814"}],"wp:attachment":[{"href":"https:\/\/info.anneberg.com.pl\/index.php\/wp-json\/wp\/v2\/media?parent=783"}],"curies":[{"name":"wp","href":"https:\/\/api.w.org\/{rel}","templated":true}]}}